{"id":869,"date":"2021-03-18T10:01:03","date_gmt":"2021-03-18T15:01:03","guid":{"rendered":"https:\/\/bomberospelileo.gob.ec\/web\/?page_id=869"},"modified":"2021-04-11T05:01:46","modified_gmt":"2021-04-11T10:01:46","slug":"base-legal","status":"publish","type":"page","link":"https:\/\/bomberospelileo.gob.ec\/web\/base-legal\/","title":{"rendered":"Base Legal"},"content":{"rendered":"\t\t<div data-elementor-type=\"wp-page\" data-elementor-id=\"869\" class=\"elementor elementor-869\">\n\t\t\t\t\t\t<section class=\"elementor-section elementor-top-section elementor-element elementor-element-3cf47f9 elementor-section-boxed elementor-section-height-default elementor-section-height-default\" data-id=\"3cf47f9\" data-element_type=\"section\">\n\t\t\t\t\t\t<div class=\"elementor-container elementor-column-gap-default\">\n\t\t\t\t\t<div class=\"elementor-column elementor-col-100 elementor-top-column elementor-element elementor-element-ee7a137\" data-id=\"ee7a137\" data-element_type=\"column\">\n\t\t\t<div class=\"elementor-widget-wrap elementor-element-populated\">\n\t\t\t\t\t\t<div class=\"elementor-element elementor-element-83dc2a2 elementor-widget elementor-widget-heading\" data-id=\"83dc2a2\" data-element_type=\"widget\" data-widget_type=\"heading.default\">\n\t\t\t\t<div class=\"elementor-widget-container\">\n\t\t\t<h2 class=\"elementor-heading-title elementor-size-default\">Art\u00edculo 11.- Servicios de prevenci\u00f3n, protecci\u00f3n, socorro, extinci\u00f3n de incendios, salvamento, mitigaci\u00f3n y transferencia de experiencias y conocimientos.<\/h2>\t\t<\/div>\n\t\t\t\t<\/div>\n\t\t\t\t<div class=\"elementor-element elementor-element-a16f744 elementor-widget elementor-widget-text-editor\" data-id=\"a16f744\" data-element_type=\"widget\" data-widget_type=\"text-editor.default\">\n\t\t\t\t<div class=\"elementor-widget-container\">\n\t\t\t\t\t\t\t<p style=\"font-weight: 400; text-align: justify;\"><span style=\"color: #000000;\">Conforme la Constituci\u00f3n de la Rep\u00fablica del Ecuador y el C\u00f3digo Org\u00e1nico de Organizaci\u00f3n Territorial Autonom\u00eda y Descentralizaci\u00f3n y la respectiva Ordenanza, son obligaciones de\u00a0la Instituci\u00f3n Aut\u00f3noma Cuerpo de Bomberos del Cant\u00f3n Pelileo, ejecutar\u00a0con la formulaci\u00f3n de planes anuales, incorporados al plan general de operaciones del Cuerpo de Bomberos, para la\u00a0consolidaci\u00f3n de \u00a0una ciudad segura, mediante la implementaci\u00f3n de iniciativas que orienta a las personas actuar adecuadamente, \u00a0para prevenir una situaci\u00f3n de riesgo\u00a0o manejar una emergencia.<\/span><\/p>\n<p style=\"font-weight: 400; text-align: justify;\"><span style=\"color: #000000;\">Consolida la participaci\u00f3n activa para asumir compromisos con las medidas de prevenci\u00f3n, incluye la obligaci\u00f3n de educar a la poblaci\u00f3n en los distintos temas relacionados con el riesgo, sea en: centros educativos, empresas, unidades residenciales, etc., especialmente aquellas que est\u00e1n ubicadas en zonas vulnerables, para crear una conciencia del autocuidado, proteger la vida,\u00a0los bienes y el ambiente ecol\u00f3gico. B\u00e1sicamente se consideran:<\/span><\/p>\t\t\t\t\t\t<\/div>\n\t\t\t\t<\/div>\n\t\t\t\t<div class=\"elementor-element elementor-element-dbf538b elementor-icon-list--layout-traditional elementor-list-item-link-full_width elementor-widget elementor-widget-icon-list\" data-id=\"dbf538b\" data-element_type=\"widget\" data-widget_type=\"icon-list.default\">\n\t\t\t\t<div class=\"elementor-widget-container\">\n\t\t\t\t\t<ul class=\"elementor-icon-list-items\">\n\t\t\t\t\t\t\t<li class=\"elementor-icon-list-item\">\n\t\t\t\t\t\t\t\t\t\t\t<span class=\"elementor-icon-list-icon\">\n\t\t\t\t\t\t\t<i aria-hidden=\"true\" class=\"fas fa-check\"><\/i>\t\t\t\t\t\t<\/span>\n\t\t\t\t\t\t\t\t\t\t<span class=\"elementor-icon-list-text\">Identificar las causas que provocan los incendios, o desastres, o siniestros directos e indirectos, y principalmente se se\u00f1alar\u00e1 sus potencialidades de ocurrencia;<\/span>\n\t\t\t\t\t\t\t\t\t<\/li>\n\t\t\t\t\t\t\t\t<li class=\"elementor-icon-list-item\">\n\t\t\t\t\t\t\t\t\t\t\t<span class=\"elementor-icon-list-icon\">\n\t\t\t\t\t\t\t<i aria-hidden=\"true\" class=\"fas fa-check\"><\/i>\t\t\t\t\t\t<\/span>\n\t\t\t\t\t\t\t\t\t\t<span class=\"elementor-icon-list-text\">Determinar el tipo de siniestro, cat\u00e1strofe o incendio en la circunscripci\u00f3n y medir la intensidad y establecer estad\u00edsticas del da\u00f1o, de las p\u00e9rdidas humanas, materiales y naturales;<\/span>\n\t\t\t\t\t\t\t\t\t<\/li>\n\t\t\t\t\t\t\t\t<li class=\"elementor-icon-list-item\">\n\t\t\t\t\t\t\t\t\t\t\t<span class=\"elementor-icon-list-icon\">\n\t\t\t\t\t\t\t<i aria-hidden=\"true\" class=\"fas fa-check\"><\/i>\t\t\t\t\t\t<\/span>\n\t\t\t\t\t\t\t\t\t\t<span class=\"elementor-icon-list-text\">Detectar condiciones inseguras o de peligro de manera general y precisar las condiciones que puedan causar incendios;<\/span>\n\t\t\t\t\t\t\t\t\t<\/li>\n\t\t\t\t\t\t\t\t<li class=\"elementor-icon-list-item\">\n\t\t\t\t\t\t\t\t\t\t\t<span class=\"elementor-icon-list-icon\">\n\t\t\t\t\t\t\t<i aria-hidden=\"true\" class=\"fas fa-check\"><\/i>\t\t\t\t\t\t<\/span>\n\t\t\t\t\t\t\t\t\t\t<span class=\"elementor-icon-list-text\">Eliminar las causas de incendios, siniestros o desastres e implementar programas de orientaci\u00f3n y sociabilizaci\u00f3n;<\/span>\n\t\t\t\t\t\t\t\t\t<\/li>\n\t\t\t\t\t\t\t\t<li class=\"elementor-icon-list-item\">\n\t\t\t\t\t\t\t\t\t\t\t<span class=\"elementor-icon-list-icon\">\n\t\t\t\t\t\t\t<i aria-hidden=\"true\" class=\"fas fa-check\"><\/i>\t\t\t\t\t\t<\/span>\n\t\t\t\t\t\t\t\t\t\t<span class=\"elementor-icon-list-text\">Difundir las normas que conllevan evitar accidentes, evitar un incendio;<\/span>\n\t\t\t\t\t\t\t\t\t<\/li>\n\t\t\t\t\t\t\t\t<li class=\"elementor-icon-list-item\">\n\t\t\t\t\t\t\t\t\t\t\t<span class=\"elementor-icon-list-icon\">\n\t\t\t\t\t\t\t<i aria-hidden=\"true\" class=\"fas fa-check\"><\/i>\t\t\t\t\t\t<\/span>\n\t\t\t\t\t\t\t\t\t\t<span class=\"elementor-icon-list-text\">Tener instalaciones el\u00e9ctricas, hidr\u00e1ulicas, y otras bien hechas para proteger bienes y realizar pruebas de funcionamiento;<\/span>\n\t\t\t\t\t\t\t\t\t<\/li>\n\t\t\t\t\t\t\t\t<li class=\"elementor-icon-list-item\">\n\t\t\t\t\t\t\t\t\t\t\t<span class=\"elementor-icon-list-icon\">\n\t\t\t\t\t\t\t<i aria-hidden=\"true\" class=\"fas fa-check\"><\/i>\t\t\t\t\t\t<\/span>\n\t\t\t\t\t\t\t\t\t\t<span class=\"elementor-icon-list-text\">Dise\u00f1ar y difundir programas de prevenci\u00f3n que incluya te\u00f3rica y pr\u00e1ctica recreando espacios y situaciones de riesgo, y elaborar material informativo y preparaci\u00f3n de manuales e instructivos;<\/span>\n\t\t\t\t\t\t\t\t\t<\/li>\n\t\t\t\t\t\t\t\t<li class=\"elementor-icon-list-item\">\n\t\t\t\t\t\t\t\t\t\t\t<span class=\"elementor-icon-list-icon\">\n\t\t\t\t\t\t\t<i aria-hidden=\"true\" class=\"fas fa-check\"><\/i>\t\t\t\t\t\t<\/span>\n\t\t\t\t\t\t\t\t\t\t<span class=\"elementor-icon-list-text\">Dise\u00f1ar planes para lugares que aglomeran mayor cantidad de personas o que por su vocaci\u00f3n son muy concurridos;<\/span>\n\t\t\t\t\t\t\t\t\t<\/li>\n\t\t\t\t\t\t\t\t<li class=\"elementor-icon-list-item\">\n\t\t\t\t\t\t\t\t\t\t\t<span class=\"elementor-icon-list-icon\">\n\t\t\t\t\t\t\t<i aria-hidden=\"true\" class=\"fas fa-check\"><\/i>\t\t\t\t\t\t<\/span>\n\t\t\t\t\t\t\t\t\t\t<span class=\"elementor-icon-list-text\">Pruebas contra incendios, en edificios, unidades residenciales, locales comerciales e industriales; verificaci\u00f3n de funcionamiento de los sistemas de protecci\u00f3n;<\/span>\n\t\t\t\t\t\t\t\t\t<\/li>\n\t\t\t\t\t\t\t\t<li class=\"elementor-icon-list-item\">\n\t\t\t\t\t\t\t\t\t\t\t<span class=\"elementor-icon-list-icon\">\n\t\t\t\t\t\t\t<i aria-hidden=\"true\" class=\"fas fa-check\"><\/i>\t\t\t\t\t\t<\/span>\n\t\t\t\t\t\t\t\t\t\t<span class=\"elementor-icon-list-text\">Disponer correctivos y planes emergentes;<\/span>\n\t\t\t\t\t\t\t\t\t<\/li>\n\t\t\t\t\t\t\t\t<li class=\"elementor-icon-list-item\">\n\t\t\t\t\t\t\t\t\t\t\t<span class=\"elementor-icon-list-icon\">\n\t\t\t\t\t\t\t<i aria-hidden=\"true\" class=\"fas fa-check\"><\/i>\t\t\t\t\t\t<\/span>\n\t\t\t\t\t\t\t\t\t\t<span class=\"elementor-icon-list-text\">Definir planes de entrenamiento peri\u00f3dicos sobre el uso de extintores, especialmente dirigidos al control de los incendios de combustibles l\u00edquidos y gaseosos, en manejo de heridos, contusos y\/o quemados, inmovilizaci\u00f3n de los pacientes, la improvisaci\u00f3n de las camillas y el entrenamiento de los correspondientes camilleros; en los primeros auxilios, manejo de las t\u00e9cnicas de extinci\u00f3n y control de los incendios.<\/span>\n\t\t\t\t\t\t\t\t\t<\/li>\n\t\t\t\t\t\t\t\t<li class=\"elementor-icon-list-item\">\n\t\t\t\t\t\t\t\t\t\t\t<span class=\"elementor-icon-list-icon\">\n\t\t\t\t\t\t\t<i aria-hidden=\"true\" class=\"fas fa-check\"><\/i>\t\t\t\t\t\t<\/span>\n\t\t\t\t\t\t\t\t\t\t<span class=\"elementor-icon-list-text\">Realizar simulacros que involucren el socorro;<\/span>\n\t\t\t\t\t\t\t\t\t<\/li>\n\t\t\t\t\t\t\t\t<li class=\"elementor-icon-list-item\">\n\t\t\t\t\t\t\t\t\t\t\t<span class=\"elementor-icon-list-icon\">\n\t\t\t\t\t\t\t<i aria-hidden=\"true\" class=\"fas fa-check\"><\/i>\t\t\t\t\t\t<\/span>\n\t\t\t\t\t\t\t\t\t\t<span class=\"elementor-icon-list-text\">Disponer de planes de soporte log\u00edstico, nivel de provisi\u00f3n de log\u00edstica necesaria;<\/span>\n\t\t\t\t\t\t\t\t\t<\/li>\n\t\t\t\t\t\t\t\t<li class=\"elementor-icon-list-item\">\n\t\t\t\t\t\t\t\t\t\t\t<span class=\"elementor-icon-list-icon\">\n\t\t\t\t\t\t\t<i aria-hidden=\"true\" class=\"fas fa-check\"><\/i>\t\t\t\t\t\t<\/span>\n\t\t\t\t\t\t\t\t\t\t<span class=\"elementor-icon-list-text\">Formular el plan operacional, con determinaci\u00f3n del tiempo necesario para controlar la situaci\u00f3n de emergencia;<\/span>\n\t\t\t\t\t\t\t\t\t<\/li>\n\t\t\t\t\t\t\t\t<li class=\"elementor-icon-list-item\">\n\t\t\t\t\t\t\t\t\t\t\t<span class=\"elementor-icon-list-icon\">\n\t\t\t\t\t\t\t<i aria-hidden=\"true\" class=\"fas fa-check\"><\/i>\t\t\t\t\t\t<\/span>\n\t\t\t\t\t\t\t\t\t\t<span class=\"elementor-icon-list-text\">Evaluar la afectaci\u00f3n geogr\u00e1fica inicial y secuencial, evaluar la presencia de una o varias zonas de impacto;<\/span>\n\t\t\t\t\t\t\t\t\t<\/li>\n\t\t\t\t\t\t\t\t<li class=\"elementor-icon-list-item\">\n\t\t\t\t\t\t\t\t\t\t\t<span class=\"elementor-icon-list-icon\">\n\t\t\t\t\t\t\t<i aria-hidden=\"true\" class=\"fas fa-check\"><\/i>\t\t\t\t\t\t<\/span>\n\t\t\t\t\t\t\t\t\t\t<span class=\"elementor-icon-list-text\">Evaluar afectaci\u00f3n funcional de la emergencia sobre los sistemas de servicios, movilidad y econom\u00eda;<\/span>\n\t\t\t\t\t\t\t\t\t<\/li>\n\t\t\t\t\t\t\t\t<li class=\"elementor-icon-list-item\">\n\t\t\t\t\t\t\t\t\t\t\t<span class=\"elementor-icon-list-icon\">\n\t\t\t\t\t\t\t<i aria-hidden=\"true\" class=\"fas fa-check\"><\/i>\t\t\t\t\t\t<\/span>\n\t\t\t\t\t\t\t\t\t\t<span class=\"elementor-icon-list-text\">Cuantificar afectaci\u00f3n a la poblaci\u00f3n, valoraci\u00f3n cualitativa del nivel de v\u00edctimas y damnificados por la emergencia;<\/span>\n\t\t\t\t\t\t\t\t\t<\/li>\n\t\t\t\t\t\t\t\t<li class=\"elementor-icon-list-item\">\n\t\t\t\t\t\t\t\t\t\t\t<span class=\"elementor-icon-list-icon\">\n\t\t\t\t\t\t\t<i aria-hidden=\"true\" class=\"fas fa-check\"><\/i>\t\t\t\t\t\t<\/span>\n\t\t\t\t\t\t\t\t\t\t<span class=\"elementor-icon-list-text\">Impacto sobre la gobernabilidad: valoraci\u00f3n del efecto pol\u00edtico de una emergencia;<\/span>\n\t\t\t\t\t\t\t\t\t<\/li>\n\t\t\t\t\t\t\t\t<li class=\"elementor-icon-list-item\">\n\t\t\t\t\t\t\t\t\t\t\t<span class=\"elementor-icon-list-icon\">\n\t\t\t\t\t\t\t<i aria-hidden=\"true\" class=\"fas fa-check\"><\/i>\t\t\t\t\t\t<\/span>\n\t\t\t\t\t\t\t\t\t\t<span class=\"elementor-icon-list-text\">Diagnosticar expansi\u00f3n del riesgo, posibilidad de que la emergencia desencadene eventos conexos que hagan m\u00e1s cr\u00edtica la situaci\u00f3n.<\/span>\n\t\t\t\t\t\t\t\t\t<\/li>\n\t\t\t\t\t\t\t\t<li class=\"elementor-icon-list-item\">\n\t\t\t\t\t\t\t\t\t\t\t<span class=\"elementor-icon-list-icon\">\n\t\t\t\t\t\t\t<i aria-hidden=\"true\" class=\"fas fa-check\"><\/i>\t\t\t\t\t\t<\/span>\n\t\t\t\t\t\t\t\t\t\t<span class=\"elementor-icon-list-text\">Clasificar las emergencias considerando: La din\u00e1mica, variaci\u00f3n en el tiempo; tiempo de duraci\u00f3n, secuencia de la emergencia, posibilidades de expansi\u00f3n o generaci\u00f3n de riesgos conexos, afectaci\u00f3n baja sobre la poblaci\u00f3n, tipo de incendio, magnitud.<\/span>\n\t\t\t\t\t\t\t\t\t<\/li>\n\t\t\t\t\t\t\t\t<li class=\"elementor-icon-list-item\">\n\t\t\t\t\t\t\t\t\t\t\t<span class=\"elementor-icon-list-icon\">\n\t\t\t\t\t\t\t<i aria-hidden=\"true\" class=\"fas fa-check\"><\/i>\t\t\t\t\t\t<\/span>\n\t\t\t\t\t\t\t\t\t\t<span class=\"elementor-icon-list-text\">Verificar el tipo de evento considerando: explosiones, incendios, deslizamientos, fugas, derrames, sismo.<\/span>\n\t\t\t\t\t\t\t\t\t<\/li>\n\t\t\t\t\t\t\t\t<li class=\"elementor-icon-list-item\">\n\t\t\t\t\t\t\t\t\t\t\t<span class=\"elementor-icon-list-icon\">\n\t\t\t\t\t\t\t<i aria-hidden=\"true\" class=\"fas fa-check\"><\/i>\t\t\t\t\t\t<\/span>\n\t\t\t\t\t\t\t\t\t\t<span class=\"elementor-icon-list-text\">Medici\u00f3n de la intervenci\u00f3n;<\/span>\n\t\t\t\t\t\t\t\t\t<\/li>\n\t\t\t\t\t\t\t\t<li class=\"elementor-icon-list-item\">\n\t\t\t\t\t\t\t\t\t\t\t<span class=\"elementor-icon-list-icon\">\n\t\t\t\t\t\t\t<i aria-hidden=\"true\" class=\"fas fa-check\"><\/i>\t\t\t\t\t\t<\/span>\n\t\t\t\t\t\t\t\t\t\t<span class=\"elementor-icon-list-text\">Preparar planes, programas y estrategias para socorrer;<\/span>\n\t\t\t\t\t\t\t\t\t<\/li>\n\t\t\t\t\t\t\t\t<li class=\"elementor-icon-list-item\">\n\t\t\t\t\t\t\t\t\t\t\t<span class=\"elementor-icon-list-icon\">\n\t\t\t\t\t\t\t<i aria-hidden=\"true\" class=\"fas fa-check\"><\/i>\t\t\t\t\t\t<\/span>\n\t\t\t\t\t\t\t\t\t\t<span class=\"elementor-icon-list-text\">Preparar recursos de intervenci\u00f3n operativa: extintores de agua, polvo, espuma, nieve carb\u00f3nica, contenido en los extintores, etc.<\/span>\n\t\t\t\t\t\t\t\t\t<\/li>\n\t\t\t\t\t\t\t\t<li class=\"elementor-icon-list-item\">\n\t\t\t\t\t\t\t\t\t\t\t<span class=\"elementor-icon-list-icon\">\n\t\t\t\t\t\t\t<i aria-hidden=\"true\" class=\"fas fa-check\"><\/i>\t\t\t\t\t\t<\/span>\n\t\t\t\t\t\t\t\t\t\t<span class=\"elementor-icon-list-text\">Ejecutar planes, estrategias, programas e intervenciones.<\/span>\n\t\t\t\t\t\t\t\t\t<\/li>\n\t\t\t\t\t\t\t\t<li class=\"elementor-icon-list-item\">\n\t\t\t\t\t\t\t\t\t\t\t<span class=\"elementor-icon-list-icon\">\n\t\t\t\t\t\t\t<i aria-hidden=\"true\" class=\"fas fa-check\"><\/i>\t\t\t\t\t\t<\/span>\n\t\t\t\t\t\t\t\t\t\t<span class=\"elementor-icon-list-text\">Desarrollar, difundir y aplicar Manuales y protocolos de socorro con base en la tipolog\u00eda de socorro.<\/span>\n\t\t\t\t\t\t\t\t\t<\/li>\n\t\t\t\t\t\t\t\t<li class=\"elementor-icon-list-item\">\n\t\t\t\t\t\t\t\t\t\t\t<span class=\"elementor-icon-list-icon\">\n\t\t\t\t\t\t\t<i aria-hidden=\"true\" class=\"fas fa-check\"><\/i>\t\t\t\t\t\t<\/span>\n\t\t\t\t\t\t\t\t\t\t<span class=\"elementor-icon-list-text\">Determinar\u00e1 y correlacionar de manera previa los medios, dispositivos y equipos para socorro, auxilio o de autoprotecci\u00f3n, con detectores, conectores de comunicaci\u00f3n, transporte, camillas, etc., conforme el Reglamento.<\/span>\n\t\t\t\t\t\t\t\t\t<\/li>\n\t\t\t\t\t\t\t\t<li class=\"elementor-icon-list-item\">\n\t\t\t\t\t\t\t\t\t\t\t<span class=\"elementor-icon-list-icon\">\n\t\t\t\t\t\t\t<i aria-hidden=\"true\" class=\"fas fa-check\"><\/i>\t\t\t\t\t\t<\/span>\n\t\t\t\t\t\t\t\t\t\t<span class=\"elementor-icon-list-text\">Mantener permanente entrenamiento de medidas de socorro en auxilio, salvataje, ayuda emergente, defensa y protecci\u00f3n.<\/span>\n\t\t\t\t\t\t\t\t\t<\/li>\n\t\t\t\t\t\t\t\t<li class=\"elementor-icon-list-item\">\n\t\t\t\t\t\t\t\t\t\t\t<span class=\"elementor-icon-list-icon\">\n\t\t\t\t\t\t\t<i aria-hidden=\"true\" class=\"fas fa-check\"><\/i>\t\t\t\t\t\t<\/span>\n\t\t\t\t\t\t\t\t\t\t<span class=\"elementor-icon-list-text\">Preparar informes y estad\u00edsticas.<\/span>\n\t\t\t\t\t\t\t\t\t<\/li>\n\t\t\t\t\t\t\t\t<li class=\"elementor-icon-list-item\">\n\t\t\t\t\t\t\t\t\t\t\t<span class=\"elementor-icon-list-icon\">\n\t\t\t\t\t\t\t<i aria-hidden=\"true\" class=\"fas fa-check\"><\/i>\t\t\t\t\t\t<\/span>\n\t\t\t\t\t\t\t\t\t\t<span class=\"elementor-icon-list-text\">Activar los dispositivos y alarmas conforme el riesgo y preparar refugios.<\/span>\n\t\t\t\t\t\t\t\t\t<\/li>\n\t\t\t\t\t\t\t\t<li class=\"elementor-icon-list-item\">\n\t\t\t\t\t\t\t\t\t\t\t<span class=\"elementor-icon-list-icon\">\n\t\t\t\t\t\t\t<i aria-hidden=\"true\" class=\"fas fa-check\"><\/i>\t\t\t\t\t\t<\/span>\n\t\t\t\t\t\t\t\t\t\t<span class=\"elementor-icon-list-text\"> Las actuaciones de socorro ser\u00e1n directas, complementarias y subsidiarias.<\/span>\n\t\t\t\t\t\t\t\t\t<\/li>\n\t\t\t\t\t\t\t\t<li class=\"elementor-icon-list-item\">\n\t\t\t\t\t\t\t\t\t\t\t<span class=\"elementor-icon-list-icon\">\n\t\t\t\t\t\t\t<i aria-hidden=\"true\" class=\"fas fa-check\"><\/i>\t\t\t\t\t\t<\/span>\n\t\t\t\t\t\t\t\t\t\t<span class=\"elementor-icon-list-text\">La acci\u00f3n preventiva de extinci\u00f3n del incendio, con el desarrollo de los planes y de los protocolos.<\/span>\n\t\t\t\t\t\t\t\t\t<\/li>\n\t\t\t\t\t\t\t\t<li class=\"elementor-icon-list-item\">\n\t\t\t\t\t\t\t\t\t\t\t<span class=\"elementor-icon-list-icon\">\n\t\t\t\t\t\t\t<i aria-hidden=\"true\" class=\"fas fa-check\"><\/i>\t\t\t\t\t\t<\/span>\n\t\t\t\t\t\t\t\t\t\t<span class=\"elementor-icon-list-text\">Acciones preestablecidas y por escrito sobre el comburente.<\/span>\n\t\t\t\t\t\t\t\t\t<\/li>\n\t\t\t\t\t\t\t\t<li class=\"elementor-icon-list-item\">\n\t\t\t\t\t\t\t\t\t\t\t<span class=\"elementor-icon-list-icon\">\n\t\t\t\t\t\t\t<i aria-hidden=\"true\" class=\"fas fa-check\"><\/i>\t\t\t\t\t\t<\/span>\n\t\t\t\t\t\t\t\t\t\t<span class=\"elementor-icon-list-text\">Acciones sobre la energ\u00eda de activaci\u00f3n.<\/span>\n\t\t\t\t\t\t\t\t\t<\/li>\n\t\t\t\t\t\t\t\t<li class=\"elementor-icon-list-item\">\n\t\t\t\t\t\t\t\t\t\t\t<span class=\"elementor-icon-list-icon\">\n\t\t\t\t\t\t\t<i aria-hidden=\"true\" class=\"fas fa-check\"><\/i>\t\t\t\t\t\t<\/span>\n\t\t\t\t\t\t\t\t\t\t<span class=\"elementor-icon-list-text\">Se describir\u00e1 los medios potenciales como focos el\u00e9ctricos, qu\u00edmicos y mec\u00e1nicos; y<\/span>\n\t\t\t\t\t\t\t\t\t<\/li>\n\t\t\t\t\t\t\t\t<li class=\"elementor-icon-list-item\">\n\t\t\t\t\t\t\t\t\t\t\t<span class=\"elementor-icon-list-icon\">\n\t\t\t\t\t\t\t<i aria-hidden=\"true\" class=\"fas fa-check\"><\/i>\t\t\t\t\t\t<\/span>\n\t\t\t\t\t\t\t\t\t\t<span class=\"elementor-icon-list-text\">Se elaborar\u00e1 instructivos generales de acci\u00f3n para la extinci\u00f3n del incendio.<\/span>\n\t\t\t\t\t\t\t\t\t<\/li>\n\t\t\t\t\t\t<\/ul>\n\t\t\t\t<\/div>\n\t\t\t\t<\/div>\n\t\t\t\t<div class=\"elementor-element elementor-element-ebb30e8 elementor-widget elementor-widget-spacer\" data-id=\"ebb30e8\" data-element_type=\"widget\" data-widget_type=\"spacer.default\">\n\t\t\t\t<div class=\"elementor-widget-container\">\n\t\t\t\t\t<div class=\"elementor-spacer\">\n\t\t\t<div class=\"elementor-spacer-inner\"><\/div>\n\t\t<\/div>\n\t\t\t\t<\/div>\n\t\t\t\t<\/div>\n\t\t\t\t\t<\/div>\n\t\t<\/div>\n\t\t\t\t\t<\/div>\n\t\t<\/section>\n\t\t\t\t<section class=\"elementor-section elementor-top-section elementor-element elementor-element-36db69c0 elementor-section-full_width elementor-section-height-default elementor-section-height-default\" data-id=\"36db69c0\" data-element_type=\"section\">\n\t\t\t\t\t\t<div class=\"elementor-container elementor-column-gap-no\">\n\t\t\t\t\t<div class=\"elementor-column elementor-col-100 elementor-top-column elementor-element elementor-element-2e2b55d\" data-id=\"2e2b55d\" data-element_type=\"column\">\n\t\t\t<div class=\"elementor-widget-wrap elementor-element-populated\">\n\t\t\t\t\t\t<div class=\"elementor-element elementor-element-7def5ab4 elementor-widget elementor-widget-firbrigs_footer\" data-id=\"7def5ab4\" data-element_type=\"widget\" data-widget_type=\"firbrigs_footer.default\">\n\t\t\t\t<div class=\"elementor-widget-container\">\n\t\t\t<!-- main-footer -->\n<div class=\"main-footer\" style=\"background-image: url(https:\/\/bomberospelileo.gob.ec\/web\/wp-content\/uploads\/2020\/09\/footer-bg-1.jpg);\">\n\t<figure class=\"footer-logo\"><img decoding=\"async\" width=\"80\" height=\"75\" src=\"https:\/\/bomberospelileo.gob.ec\/web\/wp-content\/uploads\/2021\/03\/logo-bom80.png\" class=\"attachment-full size-full wp-image-601\" alt=\"\" \/><\/figure>\n\t<div class=\"footer-top\">\n\t\t<div class=\"auto-container\">\n\t\t\t<div class=\"widget-section\">\n\t\t\t\t<div class=\"row clearfix\">\n\t\t\t\t\t<div class=\"col-lg-3 col-md-6 col-sm-12 footer-column\">\n\t\t\t\t\t\t<div class=\"footer-widget about-widget\">\n\t\t\t\t\t\t\t<div class=\"widget-title\">\n\t\t\t\t\t\t\t\t<!-- Title -->\n\t\t\t\t\t\t\t\t<h4\t\t\t\t\t\t\t\t\tclass=\"typo-title-text\">\n\t\t\t\t\t\t\t\t\tBomberos Pelileo\t\t\t\t\t\t\t\t<\/h4>\n\t\t\t\t\t\t\t\t<!-- Title -->\n\t\t\t\t\t\t\t<\/div>\n\t\t\t\t\t\t\t<div class=\"text\">\n\t\t\t\t\t\t\t\t<p >\n\t\t\t\t\t\t\t\t\tBrindando confianza al servicio de la sociedad. No creemos en las palabras, creemos en el trabajo.\t\t\t\t\t\t\t\t<\/p>\n\t\t\t\t\t\t\t<\/div>\n\t\t\t\t\t\t\t<div class=\"support-box\">\n\t\t\t\t\t\t\t\t<i aria-hidden=\"true\" class=\" flaticon-call\"><\/i>\t\t\t\t\t\t\t\t<p>N\u00famero de Emergencia<\/p>\n\t\t\t\t\t\t\t\t<h4><a href=\"tel:032830032\">032830032<\/a><\/h4>\n\t\t\t\t\t\t\t<\/div>\n\t\t\t\t\t\t<\/div>\n\t\t\t\t\t<\/div>\n\t\t\t\t\t<div class=\"col-lg-2 col-md-6 col-sm-12 footer-column\">\n\t\t\t\t\t\t<div class=\"footer-widget links-widget\">\n\t\t\t\t\t\t\t<div class=\"widget-title\">\n\t\t\t\t\t\t\t\t<!-- Title -->\n\t\t\t\t\t\t\t\t<h4\t\t\t\t\t\t\t\t\tclass=\"typo-title-text\">\n\t\t\t\t\t\t\t\t\tCon\u00f3cenos\t\t\t\t\t\t\t\t<\/h4>\n\t\t\t\t\t\t\t\t<!-- Title -->\n\t\t\t\t\t\t\t<\/div>\n\t\t\t\t\t\t\t<div class=\"widget-content\">\n\t\t\t\t\t\t\t\t<ul class=\"links-list clearfix\">\n                <li><a href=\"#\">Quienes Somos<\/a><\/li>\n                <li><a href=\"#\">Directorio Institucional<\/a><\/li>\n                <li><a href=\"#\">Historia<\/a><\/li>\n                <li><a href=\"#\">Nuestros Simbolos<\/a><\/li>\n\n            <\/ul>\t\t\t\t\t\t\t<\/div>\n\t\t\t\t\t\t<\/div>\n\t\t\t\t\t<\/div>\n\t\t\t\t\t<div class=\"col-lg-2 col-md-6 col-sm-12 footer-column\">\n\t\t\t\t\t\t<div class=\"footer-widget links-widget\">\n\t\t\t\t\t\t\t<div class=\"widget-title\">\n\t\t\t\t\t\t\t\t<!-- Title -->\n\t\t\t\t\t\t\t\t<h4\t\t\t\t\t\t\t\t\tclass=\"typo-title-text\">\n\t\t\t\t\t\t\t\t\tServicios\t\t\t\t\t\t\t\t<\/h4>\n\t\t\t\t\t\t\t\t<!-- Title -->\n\t\t\t\t\t\t\t<\/div>\n\t\t\t\t\t\t\t<div class=\"widget-content\">\n\t\t\t\t\t\t\t\t<ul class=\"links-list clearfix\">\n                <li><a href=\"#\">Bomberos<\/a><\/li>\n                <li><a href=\"\">Nuestro Trabajo<\/a><\/li>\n                <li><a href=\"#\">Permisos de Funcionamiento<\/a><\/li>\n            <\/ul>\t\t\t\t\t\t\t<\/div>\n\t\t\t\t\t\t<\/div>\n\t\t\t\t\t<\/div>\n\t\t\t\t\t<div class=\"col-lg-2 col-md-6 col-sm-12 footer-column\">\n\t\t\t\t\t\t<div class=\"footer-widget links-widget\">\n\t\t\t\t\t\t\t<div class=\"widget-title\">\n\t\t\t\t\t\t\t\t<!-- Title -->\n\t\t\t\t\t\t\t\t<h4\t\t\t\t\t\t\t\t\tclass=\"typo-title-text\">\n\t\t\t\t\t\t\t\t\tTransparencia\t\t\t\t\t\t\t\t<\/h4>\n\t\t\t\t\t\t\t\t<!-- Title -->\n\t\t\t\t\t\t\t<\/div>\n\t\t\t\t\t\t\t<div class=\"widget-content\">\n\t\t\t\t\t\t\t\t<ul class=\"links-list clearfix\">\n                <li><a href=\"#\">Ley de Transparencia<\/a><\/li>\n                <li><a href=\"#\">Rendici\u00f3n de Cuentas<\/a><\/li>\n                <li><a href=\"#\">Plan Anual de Contrataci\u00f3n<\/a><\/li>\n                <li><a href=\"#\">Base Legal<\/a><\/li>\n            <\/ul>\t\t\t\t\t\t\t<\/div>\n\t\t\t\t\t\t<\/div>\n\t\t\t\t\t<\/div>\n\t\t\t\t\t\t\t\t\t\t<div class=\"col-lg-3 col-md-6 col-sm-12 footer-column\">\n\t\t\t\t\t\t<div class=\"footer-widget map-widget\">\n\t\t\t\t\t\t\t<div class=\"widget-title\">\n\t\t\t\t\t\t\t\t<!-- Title -->\n\t\t\t\t\t\t\t\t<h4\t\t\t\t\t\t\t\t\tclass=\"typo-title-text\">\n\t\t\t\t\t\t\t\t\tEncu\u00e9ntranos\t\t\t\t\t\t\t\t<\/h4>\n\t\t\t\t\t\t\t\t<!-- Title -->\n\t\t\t\t\t\t\t<\/div>\n\t\t\t\t\t\t\t<div class=\"map-inner\">\n\t\t\t\t\t\t\t\t<iframe src=\"https:\/\/www.google.com\/maps\/embed?pb=!1m18!1m12!1m3!1d3988.7439690537794!2d-78.55032306456964!3d-1.3296703071666476!2m3!1f0!2f0!3f0!3m2!1i1024!2i768!4f13.1!3m3!1m2!1s0x91d384b986ed262b%3A0xc260ddccee8890bf!2sBomberos%20Pelileo!5e0!3m2!1ses!2sec!4v1615096652930!5m2!1ses!2sec\" style=\"border:0;\" allowfullscreen=\"\" loading=\"lazy\"><\/iframe>\t\t\t\t\t\t\t<\/div>\n\t\t\t\t\t\t<\/div>\n\t\t\t\t\t<\/div>\n\t\t\t\t\t\t\t\t\t<\/div>\n\t\t\t<\/div>\n\t\t<\/div>\n\t<\/div>\n<\/div>\n<!-- main-footer end -->\n\n\n\t\t\t\t<\/div>\n\t\t\t\t<\/div>\n\t\t\t\t\t<\/div>\n\t\t<\/div>\n\t\t\t\t\t<\/div>\n\t\t<\/section>\n\t\t\t\t<section class=\"elementor-section elementor-top-section elementor-element elementor-element-2541ab25 elementor-section-full_width elementor-section-height-default elementor-section-height-default\" data-id=\"2541ab25\" data-element_type=\"section\">\n\t\t\t\t\t\t<div class=\"elementor-container elementor-column-gap-no\">\n\t\t\t\t\t<div class=\"elementor-column elementor-col-100 elementor-top-column elementor-element elementor-element-86a8f5d\" data-id=\"86a8f5d\" data-element_type=\"column\">\n\t\t\t<div class=\"elementor-widget-wrap\">\n\t\t\t\t\t\t\t<\/div>\n\t\t<\/div>\n\t\t\t\t\t<\/div>\n\t\t<\/section>\n\t\t\t\t<\/div>\n\t\t","protected":false},"excerpt":{"rendered":"<p>Art\u00edculo 11.- Servicios de prevenci\u00f3n, protecci\u00f3n, socorro, extinci\u00f3n de incendios, salvamento, mitigaci\u00f3n y transferencia de experiencias y conocimientos. Conforme la [&hellip;]<\/p>\n","protected":false},"author":1,"featured_media":1834,"parent":0,"menu_order":0,"comment_status":"closed","ping_status":"closed","template":"elementor_header_footer","meta":{"footnotes":""},"class_list":["post-869","page","type-page","status-publish","has-post-thumbnail","hentry"],"_links":{"self":[{"href":"https:\/\/bomberospelileo.gob.ec\/web\/wp-json\/wp\/v2\/pages\/869","targetHints":{"allow":["GET"]}}],"collection":[{"href":"https:\/\/bomberospelileo.gob.ec\/web\/wp-json\/wp\/v2\/pages"}],"about":[{"href":"https:\/\/bomberospelileo.gob.ec\/web\/wp-json\/wp\/v2\/types\/page"}],"author":[{"embeddable":true,"href":"https:\/\/bomberospelileo.gob.ec\/web\/wp-json\/wp\/v2\/users\/1"}],"replies":[{"embeddable":true,"href":"https:\/\/bomberospelileo.gob.ec\/web\/wp-json\/wp\/v2\/comments?post=869"}],"version-history":[{"count":125,"href":"https:\/\/bomberospelileo.gob.ec\/web\/wp-json\/wp\/v2\/pages\/869\/revisions"}],"predecessor-version":[{"id":1837,"href":"https:\/\/bomberospelileo.gob.ec\/web\/wp-json\/wp\/v2\/pages\/869\/revisions\/1837"}],"wp:featuredmedia":[{"embeddable":true,"href":"https:\/\/bomberospelileo.gob.ec\/web\/wp-json\/wp\/v2\/media\/1834"}],"wp:attachment":[{"href":"https:\/\/bomberospelileo.gob.ec\/web\/wp-json\/wp\/v2\/media?parent=869"}],"curies":[{"name":"wp","href":"https:\/\/api.w.org\/{rel}","templated":true}]}}